- f = 9. Suppose -u = -w*g + 4. Calculate the greatest common divisor of 16 and g.
2
Let h be 85/10 - 3/(-2). Let y(v) = -v**2 - v + 80. Let n be y(0). What is the highest common divisor of h and n?
10
Let k be (-237)/(-1 - 2) + -1. Suppose 6*n - n - 195 = 5*u, u - k = -2*n. Let w = 20 + 6. What is the greatest common factor of w and n?
13
Suppose 9*b = 4*b + 2090. What is the greatest common factor of b and 38?
38
Let g(y) = y**2 - 4*y + 3. Let b be g(-5). Let w = b - 24. Suppose 108 = 5*l - 2*l. What is the greatest common factor of w and l?
12
Let r(d) = 2*d + 2. Let b be r(5). Suppose -o + 5*o = 4*t, -3*t + b = 3*o. Calculate the greatest common factor of t and 1.
1
Suppose 825 = 4*s + s. Let l be -4 + (-2)/(-1) - 6. Let q be (-2)/l - 118/(-8). Calculate the highest common factor of s and q.
15
Suppose -t + 3*n + n - 5 = 0, 17 = 3*t + 4*n. Suppose 15 = 3*d - 0. Let h be d + (2 - (0 + 1)). What is the greatest common factor of h and t?
3
Let f = -15 + 25. Let g be (-4 - -2)/(3/(-6)). Calculate the greatest common factor of f and g.
2
Suppose -26 - 19 = 2*c + 3*x, -3*c = 4*x + 65. Let h be (40/(-6))/(5/c). What is the greatest common divisor of 5 and h?
5
Let u(b) = -45*b + 1. Let p be u(-3). Let h be (-3 + (2 - 0))*-17. Calculate the highest common divisor of h and p.
17
Let v(n) = 9*n**2 - 7*n + 4. Let g be v(3). Calculate the greatest common factor of 16 and g.
16
Let k(x) = -3*x**2 + 2*x + 2. Let v(d) = 14*d**2 - 10*d - 9. Let b(w) = -11*k(w) - 2*v(w). Let t be b(-2). What is the highest common divisor of t and 50?
10
Let f = -4 + 7. Suppose 156 = f*o + 4*l, -o + l = -l - 52. Let r = 12 - -1. Calculate the highest common divisor of r and o.
13
Let g be 297/5 + (-8)/20. Let j = g + -35. What is the greatest common factor of 36 and j?
12
Let b = -259 + 260. Let u = 1 - 0. What is the highest common factor of b and u?
1
Suppose -r - 5 + 7 = 0. What is the greatest common factor of r and 22?
2
Let v = -23 + 104. What is the highest common divisor of 27 and v?
27
Let v = 21 - 80. Let t = v + 143. Calculate the greatest common divisor of 21 and t.
21
Let t be 21 + (0 - (-1 + 2)). Let p = 67 + 3. Let o be p/4*16/t. What is the highest common factor of o and 7?
7
Let m = 8 - 4. Let w be (-6)/(3/((-42)/m)). Suppose 3*s + w = l + s, -4*s + 77 = 5*l. What is the highest common divisor of l and 85?
17
Suppose 0 = 5*v - 16 + 6. Calculate the highest common factor of 10 and v.
2
Suppose -4*j + 4*b + 0*b = -408, -3*b = -9. Let a be (8 - 6)/(2/4). Let w be ((-6)/a)/((-2)/20). What is the greatest common factor of w and j?
15
Let i = 22 + -13. Let g(x) = -x**2 - 5*x + 3. Let y be g(-5). Calculate the highest common factor of y and i.
3
Let l(c) = -c - 6. Let r be l(-6). Suppose -s + 3*s - 3*u - 29 = r, u - 37 = -4*s. What is the greatest common factor of 70 and s?
10
Suppose -2*s - 3*s + 5*a + 20 = 0, 4*s - 12 = 2*a. Let o be s - (6/(-2) - 1). Let r be 9/(-12)*(-1 - 79). Calculate the greatest common divisor of o and r.
6
Let j = 37 + 35. Let s(b) = -5*b - 2. Let p(d) = 10*d + 4. Let n(t) = 2*p(t) + 5*s(t). Let w be n(-4). What is the highest common divisor of w and j?
18
Suppose -24 = -2*x - 4*p, -8 = -2*x + 2*p + 4. Calculate the greatest common factor of 88 and x.
8
Let u be 32 - ((3 - 3) + 6 - 2). Calculate the highest common divisor of u and 42.
14
Let b(y) = 3*y**2 + y. Let z be b(-1). Suppose -z*q = -q - 9. Calculate the highest common divisor of q and 99.
9
Suppose 0 = 2*t - 4*t + 138. Calculate the highest common factor of 46 and t.
23
Let h be ((-64)/3)/(4/(-24)). Calculate the greatest common factor of h and 32.
32
Suppose 0 = -i + 2*i - 115. Let h = i - 82. Calculate the highest common factor of 22 and h.
11
Let v be 5/((-5)/2) + 9. Calculate the greatest common factor of v and 28.
7
Let z be 1 + (1 - 0/(-2)). Suppose -2 = -4*u + z. Suppose 0 = 3*t + 4*i - 47, 2*t + i + 22 = 5*t. Calculate the highest common factor of u and t.
1
Let b be (71 - 1)/(6 + -4). Let h be (-10)/b + 1178/7. Calculate the greatest common factor of 24 and h.
24
Suppose -10*t = -197 - 73. Calculate the greatest common divisor of 162 and t.
27
Suppose -4*f = -0*f + 12. Let b = f - -15. What is the highest common factor of b and 60?
12
Suppose -2*a - 118 = -5*a + 2*q, 3*a + 2*q - 134 = 0. Suppose 0 = 7*m - 6*m - a. What is the highest common factor of 28 and m?
14
Suppose -t - t = 3*r - 12, 0 = -3*t + 5*r + 18. Calculate the highest common divisor of 66 and t.
6
Let u(q) = q**3 + 4*q**2 - 2. Let o be u(-4). Let f be (-84)/35*65/o. What is the greatest common divisor of 13 and f?
13
Suppose 0*u = 2*u + 8. Let x = u - -5. What is the highest common factor of 7 and x?
1
Let k(b) = -25*b + 7. Let t be k(-1). What is the highest common factor of 160 and t?
32
Suppose 5*j + 5*u - 75 = 0, -3*j - 5*u + u + 45 = 0. What is the highest common divisor of j and 75?
15
Let p(b) be the first derivative of b**4/4 - 4*b**3/3 - b**2/2 + 4*b + 1. Let k be p(6). What is the greatest common divisor of k and 10?
10
Let m = -1 + 5. Suppose -3*d = -181 + 73. What is the greatest common divisor of m and d?
4
Suppose -g - z = 2 - 6, -4*g - 3*z = -14. Suppose -r + 3*l = -2*r + 27, g*r + l = 49. Calculate the greatest common factor of 16 and r.
8
Let w be -193 - 0 - (-1 + -1). Let o = -39 - w. What is the highest common divisor of o and 19?
19
Let c(w) = 5*w**2 + 7. Let t(r) = -9*r**2 + r - 15. Let q(z) = -11*c(z) - 6*t(z). Let v be q(-6). Calculate the highest common divisor of 52 and v.
13
Let k = -38 - -52. What is the highest common factor of k and 98?
14
Let n = -20 + 44. Let l(p) = p - 7. Let y be l(7). Suppose y*a = -2*a + 24. Calculate the highest common divisor of n and a.
12
Let c(d) = -5*d - 1. Let f be c(-1). Suppose f*t = 5*t - 36. Suppose l - 11 = u, 6*l - 51 = l + 3*u. What is the highest common divisor of t and l?
9
Let m = -12 + 16. Calculate the greatest common factor of 10 and m.
2
Let s = -22 + 67. Let y be ((-2)/(-3))/(3/s). Calculate the greatest common divisor of y and 80.
10
Suppose -2*s = -3*q + 16, 9 = -3*s - 6. Suppose q = 2*r - r. Calculate the highest common factor of r and 6.
2
Let s = -359 - -669. Calculate the greatest common divisor of 62 and s.
62
Let n(w) = 16*w**2. Let y be n(-1). Let p(a) = 13*a**2 + 3*a + 2. Let g be p(3). Calculate the highest common divisor of g and y.
16
Suppose 0 = 2*w + w - 147. Let p = -39 + 10. Let u = p + w. What is the greatest common divisor of 5 and u?
5
Let f(d) be the second derivative of d**3 + 3*d**2 - 2*d. Let y be f(-6). Let p be (40/25)/((-4)/y). Calculate the highest common divisor of p and 132.
12
Let u = 1 - 1. Let x = u + 4. Let r(m) = m**2 - 11*m + 22. Let p be r(10). What is the greatest common factor of x and p?
4
Let n(h) = h**2 + 2*h + 6. Let b be n(-5). What is the highest common factor of b and 105?
21
Suppose -5*q + 2*q - 2*c + 63 = 0, -4*c + 34 = 2*q. Calculate the highest common divisor of q and 46.
23
Suppose 3*s - 51 + 12 = 0. Let r be ((-2)/(-7))/((-4)/(-28)). Suppose r*a - 92 = 12. Calculate the greatest common factor of a and s.
13
Let q be 1 - (-117)/(-3) - 1. Let f = q - -87. Let v = -15 - -47. Calculate the greatest common divisor of v and f.
16
Let i = -3 + 17. Let s be ((-18)/15)/((-2)/80). Let m = s + -6. What is the highest common divisor of m and i?
14
Suppose -5*c = -12 - 28. Let y = 23 + -19. Calculate the highest common divisor of c and y.
4
Suppose -249 = -4*m - 5*j, -10*j + 270 = 5*m - 12*j. Calculate the highest common divisor of m and 42.
14
Suppose -32 = 6*h - 536. Calculate the greatest common divisor of 12 and h.
12
Let u(o) = -7*o - 30. Let x be u(-6). Calculate the highest common factor of 24 and x.
12
Let b(a) = -11*a - 1. Suppose 8 = -4*l - 0. Let u be b(l). What is the highest common factor of u and 21?
21
Let r be 44/10 + (-8)/20. Calculate the highest common divisor of 8 and r.
4
Let g(a) = -a**3 - 5*a**2 - 5*a. Let f be g(-4). What is the greatest common divisor of f and 36?
4
Let q be ((-69)/(-2) - 2) + 1/2. Calculate the highest common factor of 33 and q.
33
Suppose 4*k - 388 = -4*b, -2*b + 3*k = -3*b + 101. What is the greatest common divisor of 5 and b?
5
Let m be 2 - -1*(3 - 5). Let l be (-4)/4 - (-9 - m). Calculate the greatest common divisor of l and 16.
8
Suppose -3*c +